{"id":898,"date":"2013-05-16T21:41:14","date_gmt":"2013-05-16T21:41:14","guid":{"rendered":"http:\/\/www.arztpraxisloewenzentrum.ch\/index.php\/ausbildung-von-dr-med-thomas-gasser-2\/"},"modified":"2023-12-26T21:23:02","modified_gmt":"2023-12-26T21:23:02","slug":"ausbildung-von-dr-med-thomas-gasser-3","status":"publish","type":"page","link":"https:\/\/www.medizin-zentrum-dietikon.ch\/index.php\/ausbildung-von-dr-med-thomas-gasser-3\/","title":{"rendered":"Ausbildung von Dr. med. Thomas Gasser"},"content":{"rendered":"\n<h4 class=\"wp-block-heading\"><strong>&nbsp;Ausbildung<\/strong><strong><br><\/strong><\/h4>\n\n\n\n<ul class=\"wp-block-list\">\n<li>1991 bis 1998 Medizinstudium in Z\u00fcrich und Paris<\/li>\n\n\n\n<li>1999 Chirurgie Spital Dielsdorf<\/li>\n\n\n\n<li>1999\/2000 Nuklearmedizin Universit\u00e4tsspital Z\u00fcrich (unter anderem Schilddr\u00fcsensprechstunde)<\/li>\n\n\n\n<li>2000\/2001 Innere Medizin Spital Saanen<\/li>\n\n\n\n<li>2001\/2002 Innere Medizin Spital Flawil<\/li>\n\n\n\n<li>2002 bis 2004 Chirurgie Spital Limmattal, davon ein Jahr als Spitalarzt (Oberarztfunktion)<\/li>\n\n\n\n<li>2004 bis 2006 Rheumatologie Stadtspital Triemli<\/li>\n\n\n\n<li>Hausarztvertretungen in der Stadt Z\u00fcrich und Umgebung<br><br><\/li>\n<\/ul>\n\n\n\n<p><\/p>\n\n\n\n<h4 class=\"wp-block-heading\"><strong>F\u00e4higkeitsausweise<\/strong><\/h4>\n\n\n\n<ul class=\"wp-block-list\">\n<li>F\u00e4higkeitsausweis Ultraschall Abdomen\/Schilddr\u00fcse<\/li>\n\n\n\n<li>R\u00f6ntgen<\/li>\n\n\n\n<li>Praxislabor<\/li>\n\n\n\n<li>Lehrarzt f\u00fcr Allgemeine Innere Medizin SIWF<br><\/li>\n<\/ul>\n\n\n\n<h4 class=\"wp-block-heading\">&nbsp;<\/h4>\n\n\n\n<h4 class=\"wp-block-heading\"><strong>Mitgliedschaften<\/strong><\/h4>\n\n\n\n<ul class=\"wp-block-list\">\n<li>FMH Verbindung der Schweizer \u00c4rztinnen und \u00c4rzte<\/li>\n\n\n\n<li>SGAM Schweizerische Gesellschaft f\u00fcr Allgemeine Medizin<\/li>\n\n\n\n<li>SGE Schweizerischer Gesellschaft f\u00fcr Ern\u00e4hrung<\/li>\n\n\n\n<li>AGZ \u00c4rztegesellschaft des Kantons Z\u00fcrich<\/li>\n<\/ul>\n","protected":false},"excerpt":{"rendered":"<p>&nbsp;Ausbildung F\u00e4higkeitsausweise &nbsp; Mitgliedschaften<\/p>\n","protected":false},"author":1,"featured_media":0,"parent":0,"menu_order":0,"comment_status":"closed","ping_status":"closed","template":"","meta":{"footnotes":""},"class_list":["post-898","page","type-page","status-publish","hentry"],"_links":{"self":[{"href":"https:\/\/www.medizin-zentrum-dietikon.ch\/index.php\/wp-json\/wp\/v2\/pages\/898","targetHints":{"allow":["GET"]}}],"collection":[{"href":"https:\/\/www.medizin-zentrum-dietikon.ch\/index.php\/wp-json\/wp\/v2\/pages"}],"about":[{"href":"https:\/\/www.medizin-zentrum-dietikon.ch\/index.php\/wp-json\/wp\/v2\/types\/page"}],"author":[{"embeddable":true,"href":"https:\/\/www.medizin-zentrum-dietikon.ch\/index.php\/wp-json\/wp\/v2\/users\/1"}],"replies":[{"embeddable":true,"href":"https:\/\/www.medizin-zentrum-dietikon.ch\/index.php\/wp-json\/wp\/v2\/comments?post=898"}],"version-history":[{"count":25,"href":"https:\/\/www.medizin-zentrum-dietikon.ch\/index.php\/wp-json\/wp\/v2\/pages\/898\/revisions"}],"predecessor-version":[{"id":2352,"href":"https:\/\/www.medizin-zentrum-dietikon.ch\/index.php\/wp-json\/wp\/v2\/pages\/898\/revisions\/2352"}],"wp:attachment":[{"href":"https:\/\/www.medizin-zentrum-dietikon.ch\/index.php\/wp-json\/wp\/v2\/media?parent=898"}],"curies":[{"name":"wp","href":"https:\/\/api.w.org\/{rel}","templated":true}]}}