{"id":887,"date":"2012-06-01T09:24:07","date_gmt":"2012-06-01T09:24:07","guid":{"rendered":"http:\/\/www.arztpraxisloewenzentrum.ch\/index.php\/haupt-seite-2\/"},"modified":"2021-04-20T10:57:27","modified_gmt":"2021-04-20T10:57:27","slug":"haupt-seite","status":"publish","type":"page","link":"https:\/\/www.medizin-zentrum-dietikon.ch\/index.php\/haupt-seite\/","title":{"rendered":"Hauptseite"},"content":{"rendered":"<p style=\"text-align: justify;\">Die Arztpraxis L\u00f6wenzentrum ist eine <strong>klassische Hausarztpraxis mit moderner Infrastruktur<\/strong>, welche als <strong>erste Anlaufstelle bei allen gesundheitlichen Problemen<\/strong> dient. Der Schwerpunkt liegt im Bereich von internistischen, chirurgischen und rheumatologischen Erkankungen. Eine <strong>problemorientierte, hohe medizinische Qualit\u00e4t bei gleichzeitig pers\u00f6nlichem Umgang<\/strong> ist unsere Idealvorstellung einer guten Hausarztmedizin. <strong>Unser kleines Team arbeitet schon seit Jahren in \u00e4hnlicher Besetzung<\/strong>. Wir kennen deshalb unsere PatientInnen &#8211; und unsere PatientInnen kennen uns. Bei schwierigen Fragestellungen erfolgt eine Schritt-f\u00fcr-Schritt-Abkl\u00e4rung mit rascher \u00dcberweisung an Spezialisten der Umgebung, mit welchen wir t\u00e4glich&nbsp;zusammenarbeiten. Aufgrund ihrer zentralen Lage in einem Einkaufzentrum im Herzen von Dietikon ist auch eine <strong>rasche medizinische Versorgung bei dringenden medizinischen F\u00e4llen <\/strong>gew\u00e4hrleistet. Notf\u00e4lle werden jederzeit behandelt.<\/p>\n","protected":false},"excerpt":{"rendered":"<p>Die Arztpraxis L\u00f6wenzentrum ist eine klassische Hausarztpraxis mit moderner Infrastruktur, welche als erste Anlaufstelle bei allen gesundheitlichen Problemen dient. Der Schwerpunkt liegt im Bereich von internistischen, chirurgischen und rheumatologischen Erkankungen. Eine problemorientierte, hohe medizinische Qualit\u00e4t bei gleichzeitig pers\u00f6nlichem Umgang ist unsere Idealvorstellung einer guten Hausarztmedizin. Unser kleines Team arbeitet schon seit Jahren in \u00e4hnlicher Besetzung. Wir kennen deshalb unsere PatientInnen &#8211; und unsere PatientInnen kennen uns. Bei schwierigen Fragestellungen erfolgt eine Schritt-f\u00fcr-Schritt-Abkl\u00e4rung mit rascher \u00dcberweisung an Spezialisten der Umgebung, mit welchen wir t\u00e4glich&nbsp;zusammenarbeiten. Aufgrund ihrer zentralen Lage in einem Einkaufzentrum im Herzen von Dietikon ist auch eine rasche medizinische Versorgung bei dringenden medizinischen F\u00e4llen gew\u00e4hrleistet. Notf\u00e4lle werden jederzeit behandelt.<\/p>\n","protected":false},"author":1,"featured_media":0,"parent":0,"menu_order":0,"comment_status":"open","ping_status":"closed","template":"","meta":{"footnotes":""},"class_list":["post-887","page","type-page","status-publish","hentry"],"_links":{"self":[{"href":"https:\/\/www.medizin-zentrum-dietikon.ch\/index.php\/wp-json\/wp\/v2\/pages\/887","targetHints":{"allow":["GET"]}}],"collection":[{"href":"https:\/\/www.medizin-zentrum-dietikon.ch\/index.php\/wp-json\/wp\/v2\/pages"}],"about":[{"href":"https:\/\/www.medizin-zentrum-dietikon.ch\/index.php\/wp-json\/wp\/v2\/types\/page"}],"author":[{"embeddable":true,"href":"https:\/\/www.medizin-zentrum-dietikon.ch\/index.php\/wp-json\/wp\/v2\/users\/1"}],"replies":[{"embeddable":true,"href":"https:\/\/www.medizin-zentrum-dietikon.ch\/index.php\/wp-json\/wp\/v2\/comments?post=887"}],"version-history":[{"count":4,"href":"https:\/\/www.medizin-zentrum-dietikon.ch\/index.php\/wp-json\/wp\/v2\/pages\/887\/revisions"}],"predecessor-version":[{"id":1681,"href":"https:\/\/www.medizin-zentrum-dietikon.ch\/index.php\/wp-json\/wp\/v2\/pages\/887\/revisions\/1681"}],"wp:attachment":[{"href":"https:\/\/www.medizin-zentrum-dietikon.ch\/index.php\/wp-json\/wp\/v2\/media?parent=887"}],"curies":[{"name":"wp","href":"https:\/\/api.w.org\/{rel}","templated":true}]}}