{"id":65,"date":"2012-06-05T21:18:14","date_gmt":"2012-06-05T21:18:14","guid":{"rendered":"http:\/\/arztpraxisloewenzentrum.ch\/wordpress\/?page_id=65"},"modified":"2026-02-04T16:17:43","modified_gmt":"2026-02-04T16:17:43","slug":"adressen-2","status":"publish","type":"page","link":"https:\/\/www.medizin-zentrum-dietikon.ch\/index.php\/adressen-2\/","title":{"rendered":"Adressen"},"content":{"rendered":"<h3><strong>Spit\u00e4ler<\/strong><\/h3>\n<ul>\n<li><a href=\"http:\/\/www.spital-limmattal.ch\" target=\"_blank\" rel=\"noopener\">Spital Limmattal<\/a>, Urdorferstrasse, 8902 Schlieren, Telefon 044 733 11 11<\/li>\n<li><a href=\"http:\/\/www.stadt-zuerich.ch\/triemli\/de\/index.html\" target=\"_blank\" rel=\"noopener\">Stadtspital Triemli<\/a>, Birmensdorferstrasse 497, 8063 Z\u00fcrich, Telefon 044 416 11 11<\/li>\n<li><a href=\"http:\/\/www.stadt-zuerich.ch\/waid\/de\/index.html\" target=\"_blank\" rel=\"noopener\">Waidspital<\/a>, Tiechestrasse 99, 8037 Z\u00fcrich, Telefon 044 366 22 11<\/li>\n<li><a href=\"http:\/\/www.usz.ch\/Seiten\/default.aspx\" target=\"_blank\" rel=\"noopener\">Universit\u00e4tsspital Z\u00fcrich<\/a>, R\u00e4mistrasse 100, 8091 Z\u00fcrich, Telefon 044 255 11 11<\/li>\n<li><a href=\"http:\/\/www.kispi.uzh.ch\/index.html\" target=\"_blank\" rel=\"noopener\">Kinderspital Z\u00fcrich<\/a>, Steinwiesstrasse 75, 8032 Z\u00fcrich, 044 266 71 11<\/li>\n<li><a href=\"http:\/\/www.kantonsspitalbaden.ch\/baden_d\/index.php\" target=\"_blank\" rel=\"noopener\">Kantonsspital Baden<\/a>, Im Ergel 1, 5404 Baden, Telefon 056 486 21 11<\/li>\n<\/ul>\n<h3><\/h3>\n<h3><strong>Apotheken<\/strong><\/h3>\n<ul>\n<li>City-Apotheke, L\u00f6wenstrasse 21, 8953 Dietikon, 044 746 39 39<\/li>\n<li>L\u00f6wen-Apotheke, Zentralstrasse 17, 8953 Dietikon,044 746 39 50<\/li>\n<li>Lilien-Apotheke, Badenerstrasse 15, 8953 Dietikon, 044 740 11 80<\/li>\n<li>Apotheke Lilie Zentrum, Uitikonerstrasse 9, 8952 Schlieren, 044 730 59 89<\/li>\n<\/ul>\n<h3><\/h3>\n<h3><strong>Physiotherapie<\/strong><\/h3>\n<ul>\n<li><a href=\"http:\/\/www.physiotopia.ch\" target=\"_blank\" rel=\"noopener\">Physiotopia<\/a>, bei uns in der Praxis und zus\u00e4tzlich gleich nebenan<\/li>\n<li>PhysioDietikon, Kirchstrasse 5a,8953 Dietikon, 044 741 30 31, <a href=\"http:\/\/www.physioimzentrum.ch\" target=\"_blank\" rel=\"noopener\">www.physiodietikon.ch<\/a><\/li>\n<li>Rodel S. und U., Physiotherapie u. med. Massagen, Florastrasse 18, 8953 Dietikon, 044 740 20 87<\/li>\n<li>Physiotherapie am Bahnhof, Bahnhofstrasse 5,8953 Dietikon,044 744 50 20<\/li>\n<li>Andjelkovic Ivana, Ruggackerstrasse 2,8953 Dietikon,044 746 93 93<\/li>\n<li>Hondema, Huebwiesenstrasse 1,8954 Geroldswil,044 748 03 44, <a href=\"http:\/\/www.physiohondema.ch\">www.physiohondema.ch<\/a><\/li>\n<li>Spital Limmattal, Physiotherapie,,Urdorferstrasse 100, 8952 Schlieren, 044 733 23 23<\/li>\n<li>Physiotherapie im Limmatpark, Winiger Bernhard und M\u00fcller Doris, Pfadackerstrasse 6, 8957 Spreitenbach, 056 401 66 77<\/li>\n<li>Physiotherapiepraxis Im Dorf, Kirchstrasse 12, 8957 Spreitenbach,. 056 401 45 15<\/li>\n<li>Adrian Meier, Physiotherapie, Boostockstrasse 28, 8957 Spreitenbach, 056 410 15 85<\/li>\n<li>Arjan Heijsteeg, Physiotherapie, Poststrasse 77, 8957 Spreitenbach,056 402 00 03<\/li>\n<li>Physiotherapie Praxis Fopma,Fopke Andre, Kirchstr. 12, 8957 Spreitenbach, 056 401 45 15<\/li>\n<li>Christina Kagerbauer, Physiotherapie, Steinackerstrasse 63, 8902 Urdorf, 044 734 21 28<\/li>\n<li>Nicole St\u00fcben, Physiotherapie, Bahnhofstrasse 14, 8902 Urdorf, 044 734 54 45<\/li>\n<li>PhysioFit GmbH, Physiotherapie, Schulstrasse 33, 8902 Urdorf, 044 734 13 13<\/li>\n<li>Prophysio, Physiotherapie, Badenerstrasse 92, 8902 Urdorf, 044 527 30 30<\/li>\n<li><a href=\"http:\/\/www.physiozueriwest.ch\/pzw\/index.asp\">PhysioZ\u00fcriWest Altstetten<\/a>, Hohlstrasse 488, 8048 Z\u00fcrich-Altstetten, 044 554 90 66<\/li>\n<\/ul>\n","protected":false},"excerpt":{"rendered":"<p>Spit\u00e4ler Spital Limmattal, Urdorferstrasse, 8902 Schlieren, Telefon 044 733 11 11 Stadtspital Triemli, Birmensdorferstrasse 497, 8063 Z\u00fcrich, Telefon 044 416 11 11 Waidspital, Tiechestrasse 99, 8037 Z\u00fcrich, Telefon 044 366 22 11 Universit\u00e4tsspital Z\u00fcrich, R\u00e4mistrasse 100, 8091 Z\u00fcrich, Telefon 044 255 11 11 Kinderspital Z\u00fcrich, Steinwiesstrasse 75, 8032 Z\u00fcrich, 044 266 71 11 Kantonsspital Baden, Im Ergel 1, 5404 Baden, Telefon 056 486 21 11 Apotheken City-Apotheke, L\u00f6wenstrasse 21, 8953 Dietikon, 044 746 39 39 L\u00f6wen-Apotheke, Zentralstrasse 17, 8953 Dietikon,044 746 39 50 Lilien-Apotheke, Badenerstrasse 15, 8953 Dietikon, 044 740 11 80 Apotheke Lilie Zentrum, Uitikonerstrasse 9, 8952 Schlieren, 044 730 59 89 Physiotherapie Physiotopia, bei uns in der Praxis und zus\u00e4tzlich gleich nebenan PhysioDietikon, Kirchstrasse 5a,8953 Dietikon, 044 741 30 31, www.physiodietikon.ch Rodel S. und U., Physiotherapie u. med. Massagen, Florastrasse 18, 8953 Dietikon, 044 740 20 87 Physiotherapie am Bahnhof, Bahnhofstrasse 5,8953 Dietikon,044 744 50 20 Andjelkovic Ivana, Ruggackerstrasse 2,8953 Dietikon,044 746 93 93 Hondema, Huebwiesenstrasse 1,8954 Geroldswil,044 748 03 44, www.physiohondema.ch Spital Limmattal, Physiotherapie,,Urdorferstrasse 100, 8952 Schlieren, 044 733 23 23 Physiotherapie im Limmatpark, Winiger Bernhard und M\u00fcller Doris, Pfadackerstrasse 6, 8957 Spreitenbach, 056 401 66 77 Physiotherapiepraxis Im Dorf, Kirchstrasse 12, 8957 Spreitenbach,. 056 401 45 15 Adrian Meier, Physiotherapie, Boostockstrasse 28, 8957 Spreitenbach, 056 410 15 85 Arjan Heijsteeg, Physiotherapie, Poststrasse 77, 8957 Spreitenbach,056 402 00 03 Physiotherapie Praxis Fopma,Fopke Andre, Kirchstr. 12, 8957 Spreitenbach, 056 401 45 15 Christina Kagerbauer, Physiotherapie, Steinackerstrasse 63, 8902 Urdorf, 044 734 21 28 Nicole St\u00fcben, Physiotherapie, Bahnhofstrasse 14, 8902 Urdorf, 044 734 54 45 PhysioFit GmbH, Physiotherapie, Schulstrasse 33, 8902 Urdorf, 044 734 13 13 Prophysio, Physiotherapie, Badenerstrasse 92, 8902 Urdorf, 044 527 30 30 PhysioZ\u00fcriWest Altstetten, Hohlstrasse 488, 8048 Z\u00fcrich-Altstetten, 044 554 90 66<\/p>\n","protected":false},"author":1,"featured_media":0,"parent":0,"menu_order":0,"comment_status":"closed","ping_status":"closed","template":"","meta":{"footnotes":""},"class_list":["post-65","page","type-page","status-publish","hentry"],"_links":{"self":[{"href":"https:\/\/www.medizin-zentrum-dietikon.ch\/index.php\/wp-json\/wp\/v2\/pages\/65","targetHints":{"allow":["GET"]}}],"collection":[{"href":"https:\/\/www.medizin-zentrum-dietikon.ch\/index.php\/wp-json\/wp\/v2\/pages"}],"about":[{"href":"https:\/\/www.medizin-zentrum-dietikon.ch\/index.php\/wp-json\/wp\/v2\/types\/page"}],"author":[{"embeddable":true,"href":"https:\/\/www.medizin-zentrum-dietikon.ch\/index.php\/wp-json\/wp\/v2\/users\/1"}],"replies":[{"embeddable":true,"href":"https:\/\/www.medizin-zentrum-dietikon.ch\/index.php\/wp-json\/wp\/v2\/comments?post=65"}],"version-history":[{"count":10,"href":"https:\/\/www.medizin-zentrum-dietikon.ch\/index.php\/wp-json\/wp\/v2\/pages\/65\/revisions"}],"predecessor-version":[{"id":2519,"href":"https:\/\/www.medizin-zentrum-dietikon.ch\/index.php\/wp-json\/wp\/v2\/pages\/65\/revisions\/2519"}],"wp:attachment":[{"href":"https:\/\/www.medizin-zentrum-dietikon.ch\/index.php\/wp-json\/wp\/v2\/media?parent=65"}],"curies":[{"name":"wp","href":"https:\/\/api.w.org\/{rel}","templated":true}]}}