{"id":269,"date":"2013-03-29T12:53:57","date_gmt":"2013-03-29T12:53:57","guid":{"rendered":"http:\/\/www.arztpraxisloewenzentrum.ch\/wordpress\/?page_id=269"},"modified":"2026-02-05T11:26:15","modified_gmt":"2026-02-05T11:26:15","slug":"reiseplanung-2-2","status":"publish","type":"page","link":"https:\/\/www.medizin-zentrum-dietikon.ch\/index.php\/reiseplanung-2-2\/","title":{"rendered":"Reiseplanung"},"content":{"rendered":"<p style=\"text-align: justify;\">Sie planen eine Reise? Dann gehen Sie folgendermassen vor:<\/p>\n<p style=\"text-align: justify;\">1. Vereinbaren Sie rechtzeitig (am besten einige Monate vor der geplanten Reise) einen Termin. Impfungen ben\u00f6tigen mehrere Wochen bis Monate bis sie einen wirksamen Schutz bieten. Geben Sie der Praxisassistentin ihre genaue Reiseroute, ihr Abreisedatum und das Datum der R\u00fcckkehr bekannt. Falls Sie eine Reiseapotheke w\u00fcnschen, dann teilen Sie das der Praxisassistentin mit<\/p>\n<p style=\"text-align: justify;\">2. Nehmen Sie zum vereinbarten Termin Ihr Impfb\u00fcchlein mit (noch besser geben Sie das B\u00fcchlein vor dem Termin ab)<\/p>\n<p style=\"text-align: justify;\">3. Am vereinbarten Termin werden Sie \u00fcber die n\u00f6tigen Impfungen und weitere wichtige Vorbereitungen informiert. Sie erhalten ein Dossier mit medizinischen Informationen \u00fcber Ihr Reiseziel, welches Sie auf Ihrer Reise begleiten soll. Je nachdem k\u00f6nnen die Impfungen unmittelbar im Anschluss an die Beratung erfolgen, manchmal auch zu einem separaten Zeitpunkt.<\/p>\n<p style=\"text-align: justify;\">Gute Reise!<\/p>\n","protected":false},"excerpt":{"rendered":"<p>Sie planen eine Reise? Dann gehen Sie folgendermassen vor: 1. Vereinbaren Sie rechtzeitig (am besten einige Monate vor der geplanten Reise) einen Termin. Impfungen ben\u00f6tigen mehrere Wochen bis Monate bis sie einen wirksamen Schutz bieten. Geben Sie der Praxisassistentin ihre genaue Reiseroute, ihr Abreisedatum und das Datum der R\u00fcckkehr bekannt. Falls Sie eine Reiseapotheke w\u00fcnschen, dann teilen Sie das der Praxisassistentin mit 2. Nehmen Sie zum vereinbarten Termin Ihr Impfb\u00fcchlein mit (noch besser geben Sie das B\u00fcchlein vor dem Termin ab) 3. Am vereinbarten Termin werden Sie \u00fcber die n\u00f6tigen Impfungen und weitere wichtige Vorbereitungen informiert. Sie erhalten ein Dossier mit medizinischen Informationen \u00fcber Ihr Reiseziel, welches Sie auf Ihrer Reise begleiten soll. Je nachdem k\u00f6nnen die Impfungen unmittelbar im Anschluss an die Beratung erfolgen, manchmal auch zu einem separaten Zeitpunkt. Gute Reise!<\/p>\n","protected":false},"author":1,"featured_media":0,"parent":0,"menu_order":0,"comment_status":"closed","ping_status":"closed","template":"","meta":{"footnotes":""},"class_list":["post-269","page","type-page","status-publish","hentry"],"_links":{"self":[{"href":"https:\/\/www.medizin-zentrum-dietikon.ch\/index.php\/wp-json\/wp\/v2\/pages\/269","targetHints":{"allow":["GET"]}}],"collection":[{"href":"https:\/\/www.medizin-zentrum-dietikon.ch\/index.php\/wp-json\/wp\/v2\/pages"}],"about":[{"href":"https:\/\/www.medizin-zentrum-dietikon.ch\/index.php\/wp-json\/wp\/v2\/types\/page"}],"author":[{"embeddable":true,"href":"https:\/\/www.medizin-zentrum-dietikon.ch\/index.php\/wp-json\/wp\/v2\/users\/1"}],"replies":[{"embeddable":true,"href":"https:\/\/www.medizin-zentrum-dietikon.ch\/index.php\/wp-json\/wp\/v2\/comments?post=269"}],"version-history":[{"count":7,"href":"https:\/\/www.medizin-zentrum-dietikon.ch\/index.php\/wp-json\/wp\/v2\/pages\/269\/revisions"}],"predecessor-version":[{"id":2406,"href":"https:\/\/www.medizin-zentrum-dietikon.ch\/index.php\/wp-json\/wp\/v2\/pages\/269\/revisions\/2406"}],"wp:attachment":[{"href":"https:\/\/www.medizin-zentrum-dietikon.ch\/index.php\/wp-json\/wp\/v2\/media?parent=269"}],"curies":[{"name":"wp","href":"https:\/\/api.w.org\/{rel}","templated":true}]}}