{"id":2,"date":"2012-06-01T09:24:07","date_gmt":"2012-06-01T09:24:07","guid":{"rendered":"http:\/\/arztpraxisloewenzentrum.ch\/wordpress\/?page_id=2"},"modified":"2026-03-14T18:15:19","modified_gmt":"2026-03-14T18:15:19","slug":"haupt-seite-2","status":"publish","type":"page","link":"https:\/\/www.medizin-zentrum-dietikon.ch\/","title":{"rendered":"Hauptseite"},"content":{"rendered":"<p style=\"text-align: justify;\"><span style=\"color: #000000;\">Das MedizinZentrum Dietikon ist eine moderne, zentral gelegene Gemeinschaftspraxis auf \u00fcber 420m2. Sie vereint die Arztpraxis L\u00f6wenzentrum von Dr. med. Thomas Gasser und die Praxis von Dipl. med. Kara unter einem Dach. Die R\u00e4umlichkeiten wurden zu diesem Zweck w\u00e4hrend drei Monaten komplett umgebaut, die Infrastruktur erweitert und modernisiert, u.a. mit einem Medikamentenroboter. Die Betreuung der PatientInnen erfolgt weiterhin \u00fcber die bisherigen Haus\u00e4rzte. Gleichzeitig erlaubt die neue Praxis auch die Betreuung von dringenden F\u00e4llen und Notf\u00e4llen, wenn der eine oder andere Arzt abwesend ist. Eine Unterst\u00fctzung sind dabei Spital\u00e4rztinnen und Spital\u00e4rzte, die bei uns jeweils w\u00e4hrend einiger Monate ihre Weiterbildung absolvieren.<\/span><\/p>\n<p style=\"text-align: justify;\"><span style=\"font-size: revert; color: initial;\">Das MedizinZentrum Dietikon soll als erste Anlaufstelle bei allen gesundheitlichen Problemen dienen. Unser Schwerpunkt liegt im Bereich von internistischen, chirurgischen und rheumatologischen Erkrankungen. Eine qualitativ hochwertige, problemorientierte Medizin, ohne dabei den Menschen dahinter zu vergessen, entspricht unserer Idealvorstellung einer guten Hausarztmedizin. Bei schwierigen Fragestellungen erfolgt eine Schritt-f\u00fcr-Schritt-Abkl\u00e4rung mit rascher \u00dcberweisung an Spezialisten der Umgebung, mit welchen wir seit Jahren zusammenarbeiten. Aufgrund ihrer zentralen Lage im Herzen von Dietikon ist auch eine rasche medizinische Versorgung bei dringenden medizinischen F\u00e4llen gew\u00e4hrleistet. Notf\u00e4lle werden jederzeit behandelt.<\/span><\/p>\n","protected":false},"excerpt":{"rendered":"<p>Das MedizinZentrum Dietikon ist eine moderne, zentral gelegene Gemeinschaftspraxis auf \u00fcber 420m2. Sie vereint die Arztpraxis L\u00f6wenzentrum von Dr. med. Thomas Gasser und die Praxis von Dipl. med. Kara unter einem Dach. Die R\u00e4umlichkeiten wurden zu diesem Zweck w\u00e4hrend drei Monaten komplett umgebaut, die Infrastruktur erweitert und modernisiert, u.a. mit einem Medikamentenroboter. Die Betreuung der PatientInnen erfolgt weiterhin \u00fcber die bisherigen Haus\u00e4rzte. Gleichzeitig erlaubt die neue Praxis auch die Betreuung von dringenden F\u00e4llen und Notf\u00e4llen, wenn der eine oder andere Arzt abwesend ist. Eine Unterst\u00fctzung sind dabei Spital\u00e4rztinnen und Spital\u00e4rzte, die bei uns jeweils w\u00e4hrend einiger Monate ihre Weiterbildung absolvieren. Das MedizinZentrum Dietikon soll als erste Anlaufstelle bei allen gesundheitlichen Problemen dienen. Unser Schwerpunkt liegt im Bereich von internistischen, chirurgischen und rheumatologischen Erkrankungen. Eine qualitativ hochwertige, problemorientierte Medizin, ohne dabei den Menschen dahinter zu vergessen, entspricht unserer Idealvorstellung einer guten Hausarztmedizin. Bei schwierigen Fragestellungen erfolgt eine Schritt-f\u00fcr-Schritt-Abkl\u00e4rung mit rascher \u00dcberweisung an Spezialisten der Umgebung, mit welchen wir seit Jahren zusammenarbeiten. Aufgrund ihrer zentralen Lage im Herzen von Dietikon ist auch eine rasche medizinische Versorgung bei dringenden medizinischen F\u00e4llen gew\u00e4hrleistet. Notf\u00e4lle werden jederzeit behandelt.<\/p>\n","protected":false},"author":1,"featured_media":0,"parent":0,"menu_order":0,"comment_status":"open","ping_status":"closed","template":"","meta":{"footnotes":""},"class_list":["post-2","page","type-page","status-publish","hentry"],"_links":{"self":[{"href":"https:\/\/www.medizin-zentrum-dietikon.ch\/index.php\/wp-json\/wp\/v2\/pages\/2","targetHints":{"allow":["GET"]}}],"collection":[{"href":"https:\/\/www.medizin-zentrum-dietikon.ch\/index.php\/wp-json\/wp\/v2\/pages"}],"about":[{"href":"https:\/\/www.medizin-zentrum-dietikon.ch\/index.php\/wp-json\/wp\/v2\/types\/page"}],"author":[{"embeddable":true,"href":"https:\/\/www.medizin-zentrum-dietikon.ch\/index.php\/wp-json\/wp\/v2\/users\/1"}],"replies":[{"embeddable":true,"href":"https:\/\/www.medizin-zentrum-dietikon.ch\/index.php\/wp-json\/wp\/v2\/comments?post=2"}],"version-history":[{"count":19,"href":"https:\/\/www.medizin-zentrum-dietikon.ch\/index.php\/wp-json\/wp\/v2\/pages\/2\/revisions"}],"predecessor-version":[{"id":2503,"href":"https:\/\/www.medizin-zentrum-dietikon.ch\/index.php\/wp-json\/wp\/v2\/pages\/2\/revisions\/2503"}],"wp:attachment":[{"href":"https:\/\/www.medizin-zentrum-dietikon.ch\/index.php\/wp-json\/wp\/v2\/media?parent=2"}],"curies":[{"name":"wp","href":"https:\/\/api.w.org\/{rel}","templated":true}]}}