{"id":1086,"date":"2015-06-11T19:55:53","date_gmt":"2015-06-11T19:55:53","guid":{"rendered":"http:\/\/www.arztpraxisloewenzentrum.ch\/?page_id=1086"},"modified":"2023-12-31T16:43:26","modified_gmt":"2023-12-31T16:43:26","slug":"elektrokardiogramm-2","status":"publish","type":"page","link":"https:\/\/www.medizin-zentrum-dietikon.ch\/index.php\/elektrokardiogramm-2\/","title":{"rendered":"Elektrokardiogramm"},"content":{"rendered":"<div id=\"attachment_1102\" style=\"width: 160px\" class=\"wp-caption alignleft\"><a href=\"http:\/\/www.arztpraxisloewenzentrum.ch\/wordpress\/wp-content\/uploads\/2015\/06\/Ruhe-EKG.jpg\"><img loading=\"lazy\" decoding=\"async\" aria-describedby=\"caption-attachment-1102\" class=\"wp-image-1102 size-full\" src=\"http:\/\/www.medizin-zentrum-dietikon.ch\/wordpress\/wp-content\/uploads\/2015\/06\/Ruhe-EKG.jpg\" alt=\"Ruhe-EKG\" width=\"150\" height=\"139\" \/><\/a><p id=\"caption-attachment-1102\" class=\"wp-caption-text\">Ein Ruhe-EKG<\/p><\/div>\n<p style=\"text-align: justify;\">Das Elektrokardiogramm (EKG) (auf Deutsch Herzstromkurve) ist die Aufzeichnung der elektrischen Aktivit\u00e4t der Herzmuskelfasern. Es ist eine schmerzlose, nicht eingreifende, jederzeit wiederholbare und fast \u00fcberall durchf\u00fchrbare Untersuchung. Die Kontraktion des Herzmuskels wird durch elektrische Impulse gesteuert, die ihren Ursprung normalerweise im sog. Sinusknoten haben. \u00dcber ein elektrisches Leitungssystem aus spezialisierten Herzmuskelzellen wird die elektrische Aktivit\u00e4t in die Herzmuskelzellen geleitet. Diese elektrischen Spannungs\u00e4nderungen am Herzen kann man an der K\u00f6rperoberfl\u00e4che messen und im Zeitverlauf aufzeichnen. Daraus ergibt sich\u00a0ein elektrisches Abbild der Herzaktion. Aus dem EKG k\u00f6nnen R\u00fcckschl\u00fcsse auf den Zustand des Herzens gemacht werden.<\/p>\n<p style=\"text-align: justify;\"><strong>Welche Krankheiten k\u00f6nnen mit dem EKG erkannt werden?<\/strong><\/p>\n<p style=\"text-align: justify;\">Aus dem EKG k\u00f6nnen <strong>Herzfrequenz, Herzrhythmus und der sog. Lagetyp<\/strong> (die Herzachse) bestimmt und die <strong>elektrische Aktivit\u00e4t von Herzvorh\u00f6fen und Herzkammern<\/strong> abgelesen werden. Es erlaubt die <strong>Diagnose von Herzrhythmusst\u00f6rungen<\/strong> sowie S<strong>t\u00f6rungen der Erregungsleitung und -ausbreitung<\/strong>, welche wiederum nicht selten auf Sauerstoffmangel der Herzmuskelzellen zur\u00fcckzuf\u00fchren sind. So ist die Erregungsausbreitung beim Herzinfarkt in typischer Arzt und Weise gest\u00f6rt. Auch die Aktivit\u00e4t eines Herzschrittmachers kann im EKG dargestellt werden. Das EKG erlaubt auch <strong>R\u00fcckschl\u00fcsse auf die Verdickung der Herzwand, abnorme Belastungen des rechten oder linken Herzens, Entz\u00fcndungen von Herzbeutel oder Herzmuskel sowie Elektrolytst\u00f6rungen (St\u00f6rungen des Salzhaushalts) und unerw\u00fcnschte Arzneimittelwirkungen<\/strong>. H\u00e4ufig ist das EKG nicht die einzige Untersuchung, welche bei Herzerkrankungen eingesetzt werden, da es nicht selten nur Hinweise auf eine St\u00f6rung liefert, welche mittels anderer Untersuchungen erg\u00e4nzt werden m\u00fcssen.<\/p>\n<p style=\"text-align: justify;\"><strong>EKG-Arten<\/strong><\/p>\n<div id=\"attachment_1107\" style=\"width: 228px\" class=\"wp-caption alignleft\"><a href=\"http:\/\/www.arztpraxisloewenzentrum.ch\/wordpress\/wp-content\/uploads\/2015\/06\/ECG-patient.jpg\"><img loading=\"lazy\" decoding=\"async\" aria-describedby=\"caption-attachment-1107\" class=\"wp-image-1107 size-full\" src=\"http:\/\/www.arztpraxisloewenzentrum.ch\/wordpress\/wp-content\/uploads\/2015\/06\/ECG-patient.jpg\" alt=\"ECG-patient\" width=\"218\" height=\"218\" srcset=\"https:\/\/www.medizin-zentrum-dietikon.ch\/wordpress\/wp-content\/uploads\/2015\/06\/ECG-patient.jpg 218w, https:\/\/www.medizin-zentrum-dietikon.ch\/wordpress\/wp-content\/uploads\/2015\/06\/ECG-patient-150x150.jpg 150w\" sizes=\"auto, (max-width: 218px) 100vw, 218px\" \/><\/a><p id=\"caption-attachment-1107\" class=\"wp-caption-text\">Ein Ruhe-EKG wird aufgezeichnet<\/p><\/div>\n<p style=\"text-align: justify;\">Das <strong>Ruhe-EKG<\/strong> wird im Liegen angefertigt. Es dauert nur einige Sekunden und kann auch in Notf\u00e4llen gut durchgef\u00fchrt werden. Nur zeitweise auftretende Herzrhythmusst\u00f6rungen k\u00f6nnen evtl. verpasst werden. Zu diesem Zweck dient ein <strong>Langzeit-EKG<\/strong> (auch Holter-EKG). Dabei tr\u00e4gt der Patient meist \u00fcber 24 Stunden, manchmal auch l\u00e4nger ein EKG-Ger\u00e4t am K\u00f6rper. Ein <strong>Event-Recorder<\/strong> schaltet die Aufzeichung nur dann ein, wenn eine Rhythmusst\u00f6rung registriert wird oder der Patient selber durch Druck auf einen Knopf eine solche Rhythmusst\u00f6rung meldet. <strong>Implantierbare Ereignisrecorder<\/strong> werden teilweise Jahre belassen. Das <strong>Belastungs-EKG<\/strong> (Ergometrie) wird w\u00e4hrend einer definierten, zunehmenden, k\u00f6rperlichen Belastung beispielsweise auf einem Hometrainer oder auf einem Laufband, abgeleitet. Mit dem Belastung-EKG kann die <strong>maximale Belastbarkeit des Herzens, der Anstieg von Blutdruck und Herzfrequenz unter Belastung<\/strong> gemessen werden. V.a. aber k\u00f6nnen <strong>Durchblutungsst\u00f6rungen<\/strong> des Herzens erfasst und <strong>Herzrhythmusst\u00f6rungen<\/strong>, welche unter Belastung auftreten, provoziert und dokumentiert werden.<\/p>\n","protected":false},"excerpt":{"rendered":"<p>Das Elektrokardiogramm (EKG) (auf Deutsch Herzstromkurve) ist die Aufzeichnung der elektrischen Aktivit\u00e4t der Herzmuskelfasern. Es ist eine schmerzlose, nicht eingreifende, jederzeit wiederholbare und fast \u00fcberall durchf\u00fchrbare Untersuchung. Die Kontraktion des Herzmuskels wird durch elektrische Impulse gesteuert, die ihren Ursprung normalerweise im sog. Sinusknoten haben. \u00dcber ein elektrisches Leitungssystem aus spezialisierten Herzmuskelzellen wird die elektrische Aktivit\u00e4t in die Herzmuskelzellen geleitet. Diese elektrischen Spannungs\u00e4nderungen am Herzen kann man an der K\u00f6rperoberfl\u00e4che messen und im Zeitverlauf aufzeichnen. Daraus ergibt sich\u00a0ein elektrisches Abbild der Herzaktion. Aus dem EKG k\u00f6nnen R\u00fcckschl\u00fcsse auf den Zustand des Herzens gemacht werden. Welche Krankheiten k\u00f6nnen mit dem EKG erkannt werden? Aus dem EKG k\u00f6nnen Herzfrequenz, Herzrhythmus und der sog. Lagetyp (die Herzachse) bestimmt und die elektrische Aktivit\u00e4t von Herzvorh\u00f6fen und Herzkammern abgelesen werden. Es erlaubt die Diagnose von Herzrhythmusst\u00f6rungen sowie St\u00f6rungen der Erregungsleitung und -ausbreitung, welche wiederum nicht selten auf Sauerstoffmangel der Herzmuskelzellen zur\u00fcckzuf\u00fchren sind. So ist die Erregungsausbreitung beim Herzinfarkt in typischer Arzt und Weise gest\u00f6rt. Auch die Aktivit\u00e4t eines Herzschrittmachers kann im EKG dargestellt werden. Das EKG erlaubt auch R\u00fcckschl\u00fcsse auf die Verdickung der Herzwand, abnorme Belastungen des rechten oder linken Herzens, Entz\u00fcndungen von Herzbeutel oder Herzmuskel sowie Elektrolytst\u00f6rungen (St\u00f6rungen des Salzhaushalts) und unerw\u00fcnschte Arzneimittelwirkungen. H\u00e4ufig ist das EKG nicht die einzige Untersuchung, welche bei Herzerkrankungen eingesetzt werden, da es nicht selten nur Hinweise auf eine St\u00f6rung liefert, welche mittels anderer Untersuchungen erg\u00e4nzt werden m\u00fcssen. EKG-Arten Das Ruhe-EKG wird im Liegen angefertigt. Es dauert nur einige Sekunden und kann auch in Notf\u00e4llen gut durchgef\u00fchrt werden. Nur zeitweise auftretende Herzrhythmusst\u00f6rungen k\u00f6nnen evtl. verpasst werden. Zu diesem Zweck dient ein Langzeit-EKG (auch Holter-EKG). Dabei tr\u00e4gt der Patient meist \u00fcber 24 Stunden, manchmal auch l\u00e4nger ein EKG-Ger\u00e4t am K\u00f6rper. Ein Event-Recorder schaltet die Aufzeichung nur dann ein, wenn eine Rhythmusst\u00f6rung registriert wird oder der Patient selber durch Druck auf einen Knopf eine solche Rhythmusst\u00f6rung meldet. Implantierbare Ereignisrecorder werden teilweise Jahre belassen. Das Belastungs-EKG (Ergometrie) wird w\u00e4hrend einer definierten, zunehmenden, k\u00f6rperlichen Belastung beispielsweise auf einem Hometrainer oder auf einem Laufband, abgeleitet. Mit dem Belastung-EKG kann die maximale Belastbarkeit des Herzens, der Anstieg von Blutdruck und Herzfrequenz unter Belastung gemessen werden. V.a. aber k\u00f6nnen Durchblutungsst\u00f6rungen des Herzens erfasst und Herzrhythmusst\u00f6rungen, welche unter Belastung auftreten, provoziert und dokumentiert werden.<\/p>\n","protected":false},"author":1,"featured_media":0,"parent":0,"menu_order":0,"comment_status":"closed","ping_status":"closed","template":"","meta":{"footnotes":""},"class_list":["post-1086","page","type-page","status-publish","hentry"],"_links":{"self":[{"href":"https:\/\/www.medizin-zentrum-dietikon.ch\/index.php\/wp-json\/wp\/v2\/pages\/1086","targetHints":{"allow":["GET"]}}],"collection":[{"href":"https:\/\/www.medizin-zentrum-dietikon.ch\/index.php\/wp-json\/wp\/v2\/pages"}],"about":[{"href":"https:\/\/www.medizin-zentrum-dietikon.ch\/index.php\/wp-json\/wp\/v2\/types\/page"}],"author":[{"embeddable":true,"href":"https:\/\/www.medizin-zentrum-dietikon.ch\/index.php\/wp-json\/wp\/v2\/users\/1"}],"replies":[{"embeddable":true,"href":"https:\/\/www.medizin-zentrum-dietikon.ch\/index.php\/wp-json\/wp\/v2\/comments?post=1086"}],"version-history":[{"count":4,"href":"https:\/\/www.medizin-zentrum-dietikon.ch\/index.php\/wp-json\/wp\/v2\/pages\/1086\/revisions"}],"predecessor-version":[{"id":2242,"href":"https:\/\/www.medizin-zentrum-dietikon.ch\/index.php\/wp-json\/wp\/v2\/pages\/1086\/revisions\/2242"}],"wp:attachment":[{"href":"https:\/\/www.medizin-zentrum-dietikon.ch\/index.php\/wp-json\/wp\/v2\/media?parent=1086"}],"curies":[{"name":"wp","href":"https:\/\/api.w.org\/{rel}","templated":true}]}}