{"id":913,"date":"2013-04-14T16:37:03","date_gmt":"2013-04-14T16:37:03","guid":{"rendered":"http:\/\/www.arztpraxisloewenzentrum.ch\/index.php\/der-menschliche-korper\/herz\/"},"modified":"2015-06-18T17:44:06","modified_gmt":"2015-06-18T17:44:06","slug":"herz","status":"publish","type":"page","link":"https:\/\/www.medizin-zentrum-dietikon.ch\/index.php\/der-menschliche-korper\/herz\/","title":{"rendered":"Herz"},"content":{"rendered":"<p style=\"text-align: justify;\">Das gesunde Herz wiegt ca. 300g und liegt im Brustkorb auf der linken Seite hinter dem Brustbein. Der Herzmuskel wird vom Herzbeutel umgeben, der aus einer \u00e4usseren Schicht, dem sogenannten Perikard (\u201eperi-\u201c=\u201cherum\u201c, \u201e-kard\u201c=\u201cHerz\u201c) und einer inneren Schicht, dem Epikard (\u201eepi\u201c=\u201c\u00fcber, dar\u00fcber&#8221;\u201c) besteht. Die Innenseite des Herzmuskels, d.h. die eigentlichen Herzh\u00f6hlen, werden vom sogenannten Endokard (&#8220;endo&#8221;=&#8221;innen&#8221;) ausgekleidet.<\/p>\n<p style=\"text-align: justify;\">Wie viele Organe im menschlichen K\u00f6rper ist das Herz paarig angelegt, d.h. es besteht aus zwei Teilen, einer rechten und einer linken H\u00e4lfte. Sowohl im rechten als auch im linken Herzteil unterscheiden wir einen Vorhof (Atrium) und eine Kammer (Ventrikel). Getrennt werden die beiden H\u00e4lften durch die Herzscheidewand, das sogenannte Septum (Septum interatriale zwischen den Vorh\u00f6fen bzw. Septum interventriculare zwischen den Kammern).<\/p>\n<p style=\"text-align: center;\"><img loading=\"lazy\" decoding=\"async\" class=\"aligncenter size-full wp-image-519\" src=\"http:\/\/www.arztpraxisloewenzentrum.ch\/wordpress\/wp-content\/uploads\/2013\/04\/herz1.jpg\" alt=\"herz\" width=\"615\" height=\"254\" srcset=\"https:\/\/www.medizin-zentrum-dietikon.ch\/wordpress\/wp-content\/uploads\/2013\/04\/herz1.jpg 615w, https:\/\/www.medizin-zentrum-dietikon.ch\/wordpress\/wp-content\/uploads\/2013\/04\/herz1-300x123.jpg 300w\" sizes=\"auto, (max-width: 615px) 100vw, 615px\" \/><\/p>\n<p style=\"text-align: justify;\">Das Blut soll beim gesunden Herzen nur in eine Richtung transportiert werden. Um einen R\u00fcckfluss in die Gegenrichtung zur verhindern, bestehen zwischen Vorh\u00f6fen und Kammern bzw. zwischen Herz und Kreislauf Ventile, die Herzklappen. Man unterscheidet 4 Herzklappen: Im rechten Herzen die sogenannte Trikuspidal-Klappe (\u201etri\u201c=\u201cdrei\u201c, \u201ecuspis\u201c=\u201cSegel\u201c) zwischen rechtem Vorhof und rechter Kammer und die Pulmonalklappe zwischen rechter Kammer und Lungenarterien. Im linken Herzen die Mitralklappe zwischen linkem Vorhof und linker Kammer sowie die Aortenklappe zwischen linker Kammer und Bauchschlagader (Aorta). Bei Erkrankungen der Herzklappen kann es einerseits zu einem fehlerhaften R\u00fcckfluss von Blut kommen (wenn die Klappe nicht richtig schliesst), oder aber es kann nicht genug Blut durch die Klappe gepumpt werden (bei verengter Klappen\u00f6ffnung).<\/p>\n<p style=\"text-align: justify;\"><img loading=\"lazy\" decoding=\"async\" class=\"alignleft size-full wp-image-404\" src=\"http:\/\/www.arztpraxisloewenzentrum.ch\/wordpress\/wp-content\/uploads\/2013\/04\/kreislauf-klein.jpg\" alt=\"kreislauf-klein\" width=\"300\" height=\"390\" srcset=\"https:\/\/www.medizin-zentrum-dietikon.ch\/wordpress\/wp-content\/uploads\/2013\/04\/kreislauf-klein.jpg 300w, https:\/\/www.medizin-zentrum-dietikon.ch\/wordpress\/wp-content\/uploads\/2013\/04\/kreislauf-klein-230x300.jpg 230w\" sizes=\"auto, (max-width: 300px) 100vw, 300px\" \/>Das Herz unterh\u00e4lt zwei Kreisl\u00e4ufe. Der rechte Teil des Herzens unterh\u00e4lt den \u201ekleinen\u201c Lungenkreislauf. Er dient der Anreicherung des sauerstoffarmen Bluts mit Sauerstoff indem das sauerstoffarme Blut durch die Lunge gepumpt wird. Das sauerstoffarme Blut erreicht \u00fcber die Hohlvene den rechten Vorhof. Von dort gelangt das Blut in die rechte Herzkammer, von dort in die Lungenvenen. In der Lunge wird das sauerstoffarme Blut mit Sauerstoff aufgeladen. Das sauerstoffreiche Blut gelangt nun \u00fcber die Lungenarterien in den linken Vorhof und von dort in die linke Herzkammer. Hier beginnt der \u201egrosse\u201c K\u00f6rperkreislauf. Das sauerstoffreiche Blut wird von der linken Kammer in die Hauptschlagader ausgeworfen und gelangt so zu den einzelnen Organen, um schliesslich \u00fcber die Hohlvene wieder zur\u00fcck in den rechten Vorhof zu gelangen.<\/p>\n<p style=\"text-align: justify;\"><strong>Krankheiten<\/strong><br \/>\nDie h\u00e4ufigste Erkrankung des Herzens ist die Verkalkung und Verengung der Herzkranzgef\u00e4sse, die koronare Herzkrankheit. Diese hat die typischen Angina pectoris-Beschwerden zur Folge, und kann bei vollst\u00e4ndig fehlender Sauerstoffversorgung des Herzmuskels zum Herzinfarkt f\u00fchren. Rhythmusst\u00f6rungen sind meist ebenfalls Folge einer koronaren Herzkrankheit. Bei schlecht eingestelltem Bluthochdruck kann es zur Vergr\u00f6sserung des Herzmuskels kommen mit relativer Sauerstoff-Unterversorgung. Selten kommt es auch zu Entz\u00fcndungen des Herzmuskels (Myokarditis) bzw. des Herzbeutels (Perikarditis).<\/p>\n<p style=\"text-align: justify;\"><strong>Untersuchungstechniken<\/strong><br \/>\nDie h\u00e4ufigste Untersuchung des Herzens ist die Herzstromkurve, das sogenannte <a href=\"http:\/\/www.arztpraxisloewenzentrum.ch\/index.php\/elektrokardiogramm\/?lang=en\">Elektrokardiogramm<\/a>. Um die Sauerstoffversorgung unter Belastung zu pr\u00fcfen wird meist eine Ergometrie durchgef\u00fchrt, d.h. ein Elektrokardiogramm unter k\u00f6rperlicher Belastung (meist auf einem Hometrainer). Bei Patienten, welche aus gesundheitlichen Gr\u00fcnden nicht Fahrrad fahren k\u00f6nnen gibt es die M\u00f6glichkeit einer medikament\u00f6sen Belastung des Herzens. Bei Hinweisen f\u00fcr Sauerstoffunterversorgung ist der n\u00e4chste Schritt eine Darstellung der Herzkranzgef\u00e4sse mit Kontrastmittel (Herzkatheteruntersuchung). Mit Hilfe der Echokardiographie, einer Ultraschalluntersuchung, kann das Herz bildlich dargestellt werden.<\/p>\n","protected":false},"excerpt":{"rendered":"<p>Das gesunde Herz wiegt ca. 300g und liegt im Brustkorb auf der linken Seite hinter dem Brustbein. Der Herzmuskel wird vom Herzbeutel umgeben, der aus einer \u00e4usseren Schicht, dem sogenannten Perikard (\u201eperi-\u201c=\u201cherum\u201c, \u201e-kard\u201c=\u201cHerz\u201c) und einer inneren Schicht, dem Epikard (\u201eepi\u201c=\u201c\u00fcber, dar\u00fcber&#8221;\u201c) besteht. Die Innenseite des Herzmuskels, d.h. die eigentlichen Herzh\u00f6hlen, werden vom sogenannten Endokard (&#8220;endo&#8221;=&#8221;innen&#8221;) ausgekleidet. Wie viele Organe im menschlichen K\u00f6rper ist das Herz paarig angelegt, d.h. es besteht aus zwei Teilen, einer rechten und einer linken H\u00e4lfte. Sowohl im rechten als auch im linken Herzteil unterscheiden wir einen Vorhof (Atrium) und eine Kammer (Ventrikel). Getrennt werden die beiden H\u00e4lften durch die Herzscheidewand, das sogenannte Septum (Septum interatriale zwischen den Vorh\u00f6fen bzw. Septum interventriculare zwischen den Kammern). Das Blut soll beim gesunden Herzen nur in eine Richtung transportiert werden. Um einen R\u00fcckfluss in die Gegenrichtung zur verhindern, bestehen zwischen Vorh\u00f6fen und Kammern bzw. zwischen Herz und Kreislauf Ventile, die Herzklappen. Man unterscheidet 4 Herzklappen: Im rechten Herzen die sogenannte Trikuspidal-Klappe (\u201etri\u201c=\u201cdrei\u201c, \u201ecuspis\u201c=\u201cSegel\u201c) zwischen rechtem Vorhof und rechter Kammer und die Pulmonalklappe zwischen rechter Kammer und Lungenarterien. Im linken Herzen die Mitralklappe zwischen linkem Vorhof und linker Kammer sowie die Aortenklappe zwischen linker Kammer und Bauchschlagader (Aorta). Bei Erkrankungen der Herzklappen kann es einerseits zu einem fehlerhaften R\u00fcckfluss von Blut kommen (wenn die Klappe nicht richtig schliesst), oder aber es kann nicht genug Blut durch die Klappe gepumpt werden (bei verengter Klappen\u00f6ffnung). Das Herz unterh\u00e4lt zwei Kreisl\u00e4ufe. Der rechte Teil des Herzens unterh\u00e4lt den \u201ekleinen\u201c Lungenkreislauf. Er dient der Anreicherung des sauerstoffarmen Bluts mit Sauerstoff indem das sauerstoffarme Blut durch die Lunge gepumpt wird. Das sauerstoffarme Blut erreicht \u00fcber die Hohlvene den rechten Vorhof. Von dort gelangt das Blut in die rechte Herzkammer, von dort in die Lungenvenen. In der Lunge wird das sauerstoffarme Blut mit Sauerstoff aufgeladen. Das sauerstoffreiche Blut gelangt nun \u00fcber die Lungenarterien in den linken Vorhof und von dort in die linke Herzkammer. Hier beginnt der \u201egrosse\u201c K\u00f6rperkreislauf. Das sauerstoffreiche Blut wird von der linken Kammer in die Hauptschlagader ausgeworfen und gelangt so zu den einzelnen Organen, um schliesslich \u00fcber die Hohlvene wieder zur\u00fcck in den rechten Vorhof zu gelangen. Krankheiten Die h\u00e4ufigste Erkrankung des Herzens ist die Verkalkung und Verengung der Herzkranzgef\u00e4sse, die koronare Herzkrankheit. Diese hat die typischen Angina pectoris-Beschwerden zur Folge, und kann bei vollst\u00e4ndig fehlender Sauerstoffversorgung des Herzmuskels zum Herzinfarkt f\u00fchren. Rhythmusst\u00f6rungen sind meist ebenfalls Folge einer koronaren Herzkrankheit. Bei schlecht eingestelltem Bluthochdruck kann es zur Vergr\u00f6sserung des Herzmuskels kommen mit relativer Sauerstoff-Unterversorgung. Selten kommt es auch zu Entz\u00fcndungen des Herzmuskels (Myokarditis) bzw. des Herzbeutels (Perikarditis). Untersuchungstechniken Die h\u00e4ufigste Untersuchung des Herzens ist die Herzstromkurve, das sogenannte Elektrokardiogramm. Um die Sauerstoffversorgung unter Belastung zu pr\u00fcfen wird meist eine Ergometrie durchgef\u00fchrt, d.h. ein Elektrokardiogramm unter k\u00f6rperlicher Belastung (meist auf einem Hometrainer). Bei Patienten, welche aus gesundheitlichen Gr\u00fcnden nicht Fahrrad fahren k\u00f6nnen gibt es die M\u00f6glichkeit einer medikament\u00f6sen Belastung des Herzens. Bei Hinweisen f\u00fcr Sauerstoffunterversorgung ist der n\u00e4chste Schritt eine Darstellung der Herzkranzgef\u00e4sse mit Kontrastmittel (Herzkatheteruntersuchung). Mit Hilfe der Echokardiographie, einer Ultraschalluntersuchung, kann das Herz bildlich dargestellt werden.<\/p>\n","protected":false},"author":1,"featured_media":0,"parent":906,"menu_order":0,"comment_status":"closed","ping_status":"closed","template":"","meta":{"footnotes":""},"class_list":["post-913","page","type-page","status-publish","hentry"],"_links":{"self":[{"href":"https:\/\/www.medizin-zentrum-dietikon.ch\/index.php\/wp-json\/wp\/v2\/pages\/913","targetHints":{"allow":["GET"]}}],"collection":[{"href":"https:\/\/www.medizin-zentrum-dietikon.ch\/index.php\/wp-json\/wp\/v2\/pages"}],"about":[{"href":"https:\/\/www.medizin-zentrum-dietikon.ch\/index.php\/wp-json\/wp\/v2\/types\/page"}],"author":[{"embeddable":true,"href":"https:\/\/www.medizin-zentrum-dietikon.ch\/index.php\/wp-json\/wp\/v2\/users\/1"}],"replies":[{"embeddable":true,"href":"https:\/\/www.medizin-zentrum-dietikon.ch\/index.php\/wp-json\/wp\/v2\/comments?post=913"}],"version-history":[{"count":1,"href":"https:\/\/www.medizin-zentrum-dietikon.ch\/index.php\/wp-json\/wp\/v2\/pages\/913\/revisions"}],"predecessor-version":[{"id":1307,"href":"https:\/\/www.medizin-zentrum-dietikon.ch\/index.php\/wp-json\/wp\/v2\/pages\/913\/revisions\/1307"}],"up":[{"embeddable":true,"href":"https:\/\/www.medizin-zentrum-dietikon.ch\/index.php\/wp-json\/wp\/v2\/pages\/906"}],"wp:attachment":[{"href":"https:\/\/www.medizin-zentrum-dietikon.ch\/index.php\/wp-json\/wp\/v2\/media?parent=913"}],"curies":[{"name":"wp","href":"https:\/\/api.w.org\/{rel}","templated":true}]}}